isor of 1438876664 and 4?
4
What is the highest common divisor of 19 and 260644679?
19
Calculate the greatest common divisor of 251 and 12638.
1
What is the greatest common factor of 4528 and 130159058?
566
Calculate the greatest common factor of 463279 and 126571.
47
What is the greatest common divisor of 3730 and 189035654?
746
What is the highest common divisor of 126821376 and 16680?
3336
Calculate the greatest common factor of 1377077 and 702.
13
What is the greatest common divisor of 6519 and 7076067?
123
What is the greatest common factor of 72 and 127650600?
72
Calculate the highest common factor of 5270937 and 422653.
3493
Calculate the greatest common divisor of 614 and 39371522.
614
What is the highest common factor of 42 and 5489372?
14
What is the greatest common factor of 37480 and 60730?
10
What is the greatest common factor of 963800 and 3172?
244
What is the greatest common divisor of 10497473 and 119?
7
Calculate the highest common factor of 44060 and 68.
4
Calculate the greatest common factor of 327633690 and 204.
102
What is the greatest common factor of 2421 and 5819815?
269
What is the highest common divisor of 215594204 and 357?
119
What is the greatest common factor of 14223 and 88373964?
1293
Calculate the highest common divisor of 160921431 and 5643.
5643
What is the highest common divisor of 40003225 and 50?
25
What is the greatest common divisor of 110321266 and 484?
242
Calculate the greatest common divisor of 1209288 and 888.
24
Calculate the highest common factor of 2064 and 161112.
24
Calculate the highest common factor of 52 and 14608844.
4
What is the highest common factor of 243956 and 88750?
142
Calculate the highest common factor of 18786399 and 3189.
3189
What is the greatest common factor of 12305421 and 41004?
603
Calculate the highest common divisor of 7573049 and 6512.
407
What is the highest common factor of 69 and 845031?
3
Calculate the highest common divisor of 2668596488 and 17.
17
Calculate the greatest common factor of 40299686 and 1204.
602
What is the highest common factor of 1903 and 15496475?
173
What is the greatest common factor of 1593848 and 18704?
1336
What is the highest common factor of 40 and 18921490?
10
Calculate the greatest common divisor of 43 and 5731687021.
43
Calculate the highest common factor of 12604 and 1519840.
92
Calculate the highest common factor of 9758 and 21199.
17
Calculate the greatest common factor of 950 and 13386925.
475
What is the greatest common factor of 479660918 and 88?
22
What is the greatest common factor of 426 and 139962?
6
What is the highest common divisor of 674153 and 29762?
23
What is the greatest common factor of 1367671 and 86447?
137
What is the highest common divisor of 6971302 and 1375244?
1378
What is the highest common divisor of 462284647 and 11?
11
What is the highest common divisor of 107007 and 18126?
159
What is the highest common divisor of 21179527 and 46?
23
Calculate the highest common divisor of 43767575 and 1175.
1175
Calculate the highest common factor of 18351 and 24643354.
2039
What is the highest common divisor of 95275 and 857990?
515
Calculate the greatest common factor of 975860 and 35.
5
What is the greatest common divisor of 463856680 and 280?
280
What is the greatest common divisor of 335440 and 5968?
16
Calculate the highest common divisor of 10 and 218632670.
10
Calculate the highest common factor of 41 and 1536896029.
41
What is the highest common divisor of 11160 and 41179770?
90
Calculate the highest common factor of 1694 and 1371414.
242
What is the highest common divisor of 13038 and 172077?
123
What is the highest common factor of 1986 and 2864474?
662
What is the highest common factor of 79473402 and 27?
9
What is the highest common divisor of 54935420 and 3650?
730
What is the greatest common factor of 18524 and 172610?
842
What is the greatest common factor of 216012 and 115620?
564
What is the greatest common factor of 5283 and 21865163?
587
What is the highest common divisor of 22 and 24159971?
11
Calculate the greatest common divisor of 720 and 8939760.
240
What is the highest common factor of 6410824 and 2?
2
Calculate the highest common factor of 52887653 and 91.
91
What is the greatest common divisor of 62 and 429802166?
62
Calculate the highest common factor of 4797 and 3071433.
123
What is the highest common divisor of 2079814 and 583168?
2278
Calculate the highest common divisor of 33481552 and 299.
13
Calculate the highest common factor of 3788953 and 1.
1
What is the greatest common divisor of 437291538 and 4728?
1182
What is the highest common factor of 2802 and 3504?
6
What is the greatest common factor of 3936880 and 400?
80
Calculate the greatest common divisor of 2354 and 3257316898.
2354
What is the highest common divisor of 1929 and 8031?
3
What is the greatest common divisor of 137362701 and 84?
21
Calculate the highest common factor of 777325492 and 228.
76
Calculate the highest common factor of 580 and 4016616.
116
Calculate the greatest common divisor of 107616 and 655608.
1416
Calculate the highest common divisor of 46657 and 16951883.
481
Calculate the highest common factor of 10629 and 162423.
9
What is the greatest common factor of 7549282 and 1236?
206
What is the highest common divisor of 1914080 and 640?
160
Calculate the highest common factor of 96180 and 35070.
210
Calculate the greatest common factor of 2054 and 1507753.
13
Calculate the highest common factor of 565322954 and 4746.
1582
What is the highest common factor of 1016661 and 1982339?
2999
Calculate the highest common factor of 6541022 and 204.
34
What is the greatest common factor of 122109659 and 5068?
1267
Calculate the highest common divisor of 10127268 and 324.
324
Calculate the highest common divisor of 84012 and 9036.
12
What is the greatest common divisor of 1919302 and 1442?
1442
Calculate the greatest common factor of 24 and 26577864.
24
What is the highest common divisor of 24771992 and 3825?
17
Calculate the greatest common divisor of 2423799 and 223533.
4383
What is the highest common factor of 28710 and 93717270?
2610
Calculate the greatest common divisor of 810 and 39031578.
54
Calculate the greatest common divisor of 16627840 and 104320.
640
Calculate the highest common factor of 4841 and 1281173.
47
What is the highest common divisor of 471 and 27931399?
157
Calculate the greatest common factor of 714 and 46158.
42
Calculate the highest common factor of 1191268460 and 1140.
380
What is the highest common divisor of 190381 and 5124?
61
Calculate the greatest common divisor of 91330 and 290.
10
Calculate the greatest common divisor of 4178124 and 807228.
612
What is the highest common divisor of 410708816 and 42?
14
Calculate the greatest common divisor of 815976 and 1512.
504
Calculate the highest common divisor of 1050556 and 1508.
52
Calculate the greatest common factor of 44194 and 79743421.
1163
What is the highest common divisor of 5463 and 184498257?
1821
Calculate the greatest common factor of 57860 and 483605452.
11572
What is the highest common factor of 19834355 and 10?
5
Calculate the highest common factor of 11699122 and 4408.
58
What is the greatest common factor of 22835904 and 493584?
4368
What is the highest common divisor of 47412 and 4159964?
1756
What is the greatest common divisor of 2393650 and 3920?
490
Calculate the greatest common divisor of 148 and 102935628.
148
Calculate the highest common factor of 11 and 3695438791.
11
What is the greatest common factor of 13870 and 1170476?
38
What is the greatest common factor of 95294986 and 12148?
6074
What is the highest common divisor of 7207254 and 1305?
261
Calculate the highest common divisor of 1420591464 and 288.
72
Calculate the highest common divisor of 94 and 59219201.
47
Calculate the greatest common factor of 106981797 and 5352.
669
Calculate the greatest common divisor of 490 and 84966245.
245
What is the greatest common factor of 393 and 5292?
3
Calculate the greatest common factor of 5849822 and 424.
106
What is the greatest common divisor of 2294711 and 323?
17
Calculate the highest common divisor of 83828366 and 2614.
2614
What is the highest common divisor of 5487 and 1958673?
93
Calculate the highest common fact